{"id":29,"date":"2015-03-19T12:45:52","date_gmt":"2015-03-19T12:45:52","guid":{"rendered":"http:\/\/ceipsu.dev\/?page_id=29"},"modified":"2016-09-12T16:03:37","modified_gmt":"2016-09-12T19:03:37","slug":"formacion-2","status":"publish","type":"page","link":"https:\/\/untref.edu.ar\/sitios\/ceipsu\/formacion-2\/","title":{"rendered":"Formaci\u00f3n"},"content":{"rendered":"<h3><a href=\"http:\/\/untref.edu.ar\/posgrados\/especializacion-en-politicas-sociales-urbanas\/\" target=\"_blank\"><strong>Especializaci\u00f3n \u00a0en Pol\u00edticas Sociales Urbanas<\/strong><\/a><\/h3>\n<h3><span style=\"font-weight: 400\">La \u00a0carrera de Especializaci\u00f3n en Pol\u00edticas Sociales Urbanas se propone la formaci\u00f3n de una masa cr\u00edtica de especialistas con las competencias te\u00f3ricas, metodol\u00f3gicas e instrumentales necesarias \u00a0para abordar el tratamiento de la problem\u00e1tica social de las grandes ciudades con un enfoque de derechos y de construcci\u00f3n de ciudadan\u00eda.<\/span><\/h3>\n<h3><\/h3>\n<h3><a href=\"http:\/\/untref.edu.ar\/posgrados\/maestria-en-politicas-sociales-urbanas\/\" target=\"_blank\"><strong>Maestr\u00eda en Pol\u00edticas Sociales Urbanas<\/strong><\/a><\/h3>\n<h3><span style=\"font-weight: 400\">La Maestr\u00eda en Pol\u00edticas Sociales Urbanas se propone la formaci\u00f3n de una masa cr\u00edtica de profesionales con las competencias te\u00f3ricas, metodol\u00f3gicas e instrumentales necesarias \u00a0para abordar el tratamiento de la problem\u00e1tica social de las grandes ciudades con un enfoque de derechos y de construcci\u00f3n de ciudadan\u00eda.<\/span><\/h3>\n<h3><\/h3>\n<h3><strong>Seminarios de Posgrado<\/strong><\/h3>\n<h3><a href=\"http:\/\/untref.edu.ar\/flyers\/flyers\/Seminarios_en_Pol%C3%ADticas_Sociales_Urbanas.html?v=56ddd58d64da3\">Primer Semestre 2016<\/a><\/h3>\n<h3><strong><a href=\"http:\/\/untref.edu.ar\/sitios\/ceipsu\/2016\/09\/12\/seminarios-en-politicas-sociales-urbanas\/\">Segundo Semestre 2016\u00a0<\/a><\/strong><\/h3>\n<p>&nbsp;<\/p>\n<p>&nbsp;<\/p>\n","protected":false},"excerpt":{"rendered":"<p>Especializaci\u00f3n \u00a0en Pol\u00edticas Sociales Urbanas La \u00a0carrera de Especializaci\u00f3n en Pol\u00edticas Sociales Urbanas se propone la formaci\u00f3n de una masa cr\u00edtica de especialistas con las competencias te\u00f3ricas, metodol\u00f3gicas e instrumentales necesarias \u00a0para abordar el tratamiento de la problem\u00e1tica social de las grandes ciudades con un enfoque de derechos y de construcci\u00f3n de ciudadan\u00eda. Maestr\u00eda en [&hellip;]<\/p>\n","protected":false},"author":3,"featured_media":0,"parent":0,"menu_order":0,"comment_status":"open","ping_status":"open","template":"","meta":[],"acf":[],"_links":{"self":[{"href":"https:\/\/untref.edu.ar\/sitios\/ceipsu\/wp-json\/wp\/v2\/pages\/29"}],"collection":[{"href":"https:\/\/untref.edu.ar\/sitios\/ceipsu\/wp-json\/wp\/v2\/pages"}],"about":[{"href":"https:\/\/untref.edu.ar\/sitios\/ceipsu\/wp-json\/wp\/v2\/types\/page"}],"author":[{"embeddable":true,"href":"https:\/\/untref.edu.ar\/sitios\/ceipsu\/wp-json\/wp\/v2\/users\/3"}],"replies":[{"embeddable":true,"href":"https:\/\/untref.edu.ar\/sitios\/ceipsu\/wp-json\/wp\/v2\/comments?post=29"}],"version-history":[{"count":19,"href":"https:\/\/untref.edu.ar\/sitios\/ceipsu\/wp-json\/wp\/v2\/pages\/29\/revisions"}],"predecessor-version":[{"id":458,"href":"https:\/\/untref.edu.ar\/sitios\/ceipsu\/wp-json\/wp\/v2\/pages\/29\/revisions\/458"}],"wp:attachment":[{"href":"https:\/\/untref.edu.ar\/sitios\/ceipsu\/wp-json\/wp\/v2\/media?parent=29"}],"curies":[{"name":"wp","href":"https:\/\/api.w.org\/{rel}","templated":true}]}}