{"id":4091,"date":"2020-07-17T17:10:59","date_gmt":"2020-07-17T20:10:59","guid":{"rendered":"http:\/\/untref.edu.ar\/muntref\/?page_id=4091"},"modified":"2020-08-27T17:26:16","modified_gmt":"2020-08-27T20:26:16","slug":"educacion","status":"publish","type":"page","link":"https:\/\/untref.edu.ar\/muntref\/es\/educacion\/","title":{"rendered":"Educaci\u00f3n"},"content":{"rendered":"<p><i>Arte para todos<\/i>, es el lema con el que MUNTREF se presenta a la comunidad en busca de alcanzar diversos p\u00fablicos, contribuir a ampliar el acceso a las producciones art\u00edsticas y con \u00e9l a la formaci\u00f3n de otros h\u00e1bitos de consumo cultural.<\/p>\r\n<p>&nbsp;<\/p>\r\n<p>A trav\u00e9s de una amplia variedad de programas vinculados a los proyectos de curadur\u00eda de investigaci\u00f3n que se exhiben en nuestras salas, presentamos propuestas destinadas a diferentes audiencias con el prop\u00f3sito de estimular la curiosidad, abrir preguntas, generar intercambios y promover la participaci\u00f3n y el desarrollo creativo del pensamiento.<\/p>\r\n<p>&nbsp;<\/p>\r\n<p>Nuestros programas culturales y educativos invitan a la participaci\u00f3n activa tanto del p\u00fablico general como de especialistas de diversas disciplinas con el prop\u00f3sito de\u00a0 disfrutar de la experiencia art\u00edstica, reflexionar a partir de los proyectos expositivos presentados y establecer sus v\u00ednculos con diferentes saberes y variadas esferas de la realidad contempor\u00e1nea. Es nuestro objetivo hacer del espacio de arte un sitio en donde encontrar experiencias nuevas y con ellas promover la fruici\u00f3n est\u00e9tica y el conocimiento.<\/p>\r\n<p>&nbsp;<\/p>\r\n<p>Desde el MUNTREF invitamos al p\u00fablico tambi\u00e9n a participar del Programa Educativo-cultural a trav\u00e9s de actividades a distancia. Nuestra plataforma est\u00e1 dise\u00f1ada para que puedan explorarlas y enriquecerlas con sus aportes en los muros colaborativos.<\/p>","protected":false},"excerpt":{"rendered":"<p>Arte para todos, es el lema con el que MUNTREF se presenta a la comunidad en busca de alcanzar diversos p\u00fablicos, contribuir a ampliar el acceso a las [&hellip;]<\/p>\n","protected":false},"author":1,"featured_media":4010,"parent":0,"menu_order":41,"comment_status":"closed","ping_status":"closed","template":"template-educacion.php","meta":{"_acf_changed":false,"footnotes":""},"acf":[],"_links":{"self":[{"href":"https:\/\/untref.edu.ar\/muntref\/wp-json\/wp\/v2\/pages\/4091"}],"collection":[{"href":"https:\/\/untref.edu.ar\/muntref\/wp-json\/wp\/v2\/pages"}],"about":[{"href":"https:\/\/untref.edu.ar\/muntref\/wp-json\/wp\/v2\/types\/page"}],"author":[{"embeddable":true,"href":"https:\/\/untref.edu.ar\/muntref\/wp-json\/wp\/v2\/users\/1"}],"replies":[{"embeddable":true,"href":"https:\/\/untref.edu.ar\/muntref\/wp-json\/wp\/v2\/comments?post=4091"}],"version-history":[{"count":7,"href":"https:\/\/untref.edu.ar\/muntref\/wp-json\/wp\/v2\/pages\/4091\/revisions"}],"predecessor-version":[{"id":4182,"href":"https:\/\/untref.edu.ar\/muntref\/wp-json\/wp\/v2\/pages\/4091\/revisions\/4182"}],"wp:featuredmedia":[{"embeddable":true,"href":"https:\/\/untref.edu.ar\/muntref\/wp-json\/wp\/v2\/media\/4010"}],"wp:attachment":[{"href":"https:\/\/untref.edu.ar\/muntref\/wp-json\/wp\/v2\/media?parent=4091"}],"curies":[{"name":"wp","href":"https:\/\/api.w.org\/{rel}","templated":true}]}}