{"id":4086,"date":"2020-07-17T16:24:41","date_gmt":"2020-07-17T19:24:41","guid":{"rendered":"http:\/\/untref.edu.ar\/muntref\/?post_type=educacion&#038;p=4086"},"modified":"2020-08-21T12:08:21","modified_gmt":"2020-08-21T15:08:21","slug":"adolescentes","status":"publish","type":"educacion","link":"https:\/\/untref.edu.ar\/muntref\/es\/educacion\/adolescentes\/","title":{"rendered":"Adolescentes"},"content":{"rendered":"<p><span style=\"font-weight: 400;\">Este Programa propone acercar a los adolescentes a diversas manifestaciones art\u00edsticas a trav\u00e9s de acciones interactivas y participativas. Las actividades ampl\u00edan el horizonte de perspectivas poniendo en di\u00e1logo a los usuarios con artistas, curadores e investigadores. A trav\u00e9s de ellas se busca estimular la creatividad, el pensamiento cr\u00edtico y las miradas est\u00e9ticas.<\/span><\/p>\r\n<p>&nbsp;<\/p>\r\n<p><span style=\"font-weight: 400;\">MUNTREF construye comunidad por eso se enriquece en la presencia y mirada de cada uno de sus visitantes por eso los invitamos a compartir sus experiencias y producciones en nuestra plataforma. Pueden enterarse tambi\u00e9n de las novedades en nuestras redes sociales. los esperaos!<\/span><\/p>\r\n<p>&nbsp;<\/p>\r\n<p><a style=\"color: #27509a;\" href=\"https:\/\/www.instagram.com\/explore\/tags\/mir%C3%A1muntref\/?hl=ur\" target=\"_blank\" rel=\"noopener noreferrer\">#mir\u00e1muntref<\/a><\/p>\r\n<p>&nbsp;<\/p>\r\n<p><a style=\"color: #27509a;\" href=\"https:\/\/www.instagram.com\/muntref\/?hl=ur\" target=\"_blank\" rel=\"noopener noreferrer\">@MUNTREF<\/a><\/p>\r\n<p>&nbsp;<\/p>\r\n<p><a class=\"btn-padlet\" href=\"http:\/\/untref.edu.ar\/muntref\/es\/padlet-adolescentes\/\" target=\"_blank\" rel=\"noopener noreferrer\">MIR\u00c1, JUG\u00c1 Y APREND\u00c9<\/a><\/p>","protected":false},"featured_media":4010,"template":"","acf":[],"_links":{"self":[{"href":"https:\/\/untref.edu.ar\/muntref\/wp-json\/wp\/v2\/educacion\/4086"}],"collection":[{"href":"https:\/\/untref.edu.ar\/muntref\/wp-json\/wp\/v2\/educacion"}],"about":[{"href":"https:\/\/untref.edu.ar\/muntref\/wp-json\/wp\/v2\/types\/educacion"}],"wp:featuredmedia":[{"embeddable":true,"href":"https:\/\/untref.edu.ar\/muntref\/wp-json\/wp\/v2\/media\/4010"}],"wp:attachment":[{"href":"https:\/\/untref.edu.ar\/muntref\/wp-json\/wp\/v2\/media?parent=4086"}],"curies":[{"name":"wp","href":"https:\/\/api.w.org\/{rel}","templated":true}]}}

<p><span style="font-weight: 400;">Este Programa propone acercar a los adolescentes a diversas manifestaciones artísticas a través de acciones interactivas y participativas. Las actividades amplían el horizonte de perspectivas poniendo en diálogo a los usuarios con artistas, curadores e investigadores. A través de ellas se busca estimular la creatividad, el pensamiento crítico y las miradas estéticas.</span></p>
<p>&nbsp;</p>
<p><span style="font-weight: 400;">MUNTREF construye comunidad por eso se enriquece en la presencia y mirada de cada uno de sus visitantes por eso los invitamos a compartir sus experiencias y producciones en nuestra plataforma. Pueden enterarse también de las novedades en nuestras redes sociales. los esperaos!</span></p>
<p>&nbsp;</p>
<p><a style="color: #27509a;" href="https://www.instagram.com/explore/tags/mir%C3%A1muntref/?hl=ur" target="_blank" rel="noopener noreferrer">#mirámuntref</a></p>
<p>&nbsp;</p>
<p><a style="color: #27509a;" href="https://www.instagram.com/muntref/?hl=ur" target="_blank" rel="noopener noreferrer">@MUNTREF</a></p>
<p>&nbsp;</p>
<p><a class="btn-padlet" href="http://untref.edu.ar/muntref/es/padlet-adolescentes/" target="_blank" rel="noopener noreferrer">MIRÁ, JUGÁ Y APRENDÉ</a></p>
